he units digit of -3*((-7678)/(-6))/(-11)?
9
What is the units digit of (14 - -1)/(1 + 0)?
5
Suppose 45*s + 5187 = 48*s. What is the hundreds digit of s?
7
What is the units digit of (-2)/13 - (6354/26)/(-9)?
7
Let v = 6154 + -2307. What is the tens digit of v?
4
Suppose -m = -4*j - 154, -4*j - 120 = -3*m + 302. What is the hundreds digit of m?
1
Let s be 44/16 - 9/12. Suppose -4*h + s*u = -3*h + 6, 25 = 5*u. Let y(a) = -a**3 + 6*a**2 - 3*a - 2. What is the units digit of y(h)?
8
Suppose 5*v - 4395 = 3*d + 2*d, -4*d = 12. Suppose -141 = 7*z - v. What is the hundreds digit of z?
1
Let y(g) = 4*g - 13. Let f = 1 - -9. Let s be y(f). Let k = s - 13. What is the units digit of k?
4
Let z(x) = -x**2 - x + 5. Let t be z(0). Suppose -y = -t*j - 141, -2*y = 2*j - 23 - 211. What is the tens digit of y?
2
Let a(n) = -5*n + 2. Let x be a(4). What is the tens digit of (-27)/x + 143/2?
7
Suppose 0 = 45*w - 17650 - 26810. What is the units digit of w?
8
Suppose -24*k = -23*k - 8. Suppose -3*f + 814 = k*f. What is the tens digit of f?
7
Let k(p) = -60*p**3 - p - 1. Let x be k(-1). Suppose 4*u - 2*u - x = 0. Suppose -2*w = a + 4*a - 24, -2*a - u = -w. What is the units digit of w?
2
Let z = 112 - -56. Suppose -152 = 4*y + z. What is the units digit of ((-3)/(-2))/((-15)/y)?
8
Let w = 45 + 109. Suppose 0 = 6*a - 17*a + w. What is the units digit of a?
4
Let v(b) = b**3 + b**2 - 14. Let x be 10*(1 + 2/(-4)). What is the units digit of v(x)?
6
Suppose -q - 2*i + 3 = 0, 2*i + 15 = 8*q - 3*q. Suppose 11 = 4*d + q. What is the units digit of (6 + -13)*(-2)/d?
7
What is the units digit of (-1 + 39)*(-310)/(-20)?
9
Suppose -2*h = 14 - 14. What is the tens digit of 99 + (-4 - -2) + h + 4?
0
Let x be 2 + (348/2 - -4). Suppose -2*g = -5*g + x. What is the units digit of g?
0
Suppose 0 = 5*r + 15, -7*r = -m - 2*r + 613. What is the tens digit of m?
9
What is the hundreds digit of 26 + -28 - (-1)/((-3)/(-1101))?
3
What is the units digit of 1*(284/(-8))/((-1)/2)?
1
Suppose -29*m = -0*m - 77778. What is the tens digit of m?
8
What is the units digit of (-4)/42 - 198341/(-399)?
7
Suppose 4*u + 2*n = 10, -2*u - 4*n - 8 = -28. Suppose u = 4*k - 3*k - 11. What is the tens digit of k?
1
Suppose -5*o - 32 = -327. Let y = 121 - o. Let p = 130 - y. What is the tens digit of p?
6
Suppose 5*f - 5*r - 15 = 0, 3*f - 3*r - 7 = f. Suppose f*s + 1 - 161 = 0. What is the tens digit of s?
8
Let v(z) = -250*z + 157. What is the tens digit of v(-15)?
0
Suppose 8*v + 9 = 5*v, -f + 99 = -3*v. Let z = f + 110. What is the hundreds digit of z?
2
Let j be 6/24*-4 - 1. Let r be 8/2 + 1*-1. What is the units digit of (r + j)/((-3)/(-69))?
3
Let c(l) = 7*l - 2. Let m = 12 + -11. What is the units digit of c(m)?
5
Suppose -14*g = -3*g - 2057. What is the hundreds digit of g?
1
Let a = 36 + 0. What is the tens digit of a?
3
Let g be 1*(4 + -2 + 47). Let n = -45 + g. What is the units digit of n?
4
Suppose a - 2*z - 1298 = 0, -2*a - z + 422 = -2189. What is the thousands digit of a?
1
Suppose 444*s - 435*s = 9558. What is the hundreds digit of s?
0
Let y(r) = 429*r**2 + 3*r. What is the units digit of y(-1)?
6
Let d(u) = 11*u - 39. What is the hundreds digit of d(17)?
1
Suppose -38*n = -26*n - 54228. What is the tens digit of n?
1
Let w = 47 + -19. Let o = 16 - w. Let t = -7 - o. What is the units digit of t?
5
Suppose -3*t = -2*t + 2, -2*t = -2*s + 342. What is the units digit of s?
9
Let d = 91 - -63. Suppose 4*k = 418 + d. What is the units digit of k?
3
Let m(w) = -w + 12. Let g be m(9). Let x(j) = 4 + j + j - 3*j - g. What is the tens digit of x(-9)?
1
Let z be 2/(8/(-8)*(-1)/(-237)). What is the tens digit of (6 + -5)/((-2)/z)?
3
Let n = 267 - 152. Let y = 67 + n. What is the units digit of y?
2
Suppose 3*z - 105 - 3 = 0. Suppose 3*v + 134 = 5*r, -3*r + 62 = -r - 4*v. Let n = z - r. What is the tens digit of n?
1
Suppose -16*b = -14*b - 180. Let c = b + -21. What is the tens digit of c?
6
Let k(i) be the second derivative of -i**4/12 + i**3 - 3*i**2/2 + 4*i. Let f be k(2). Suppose -m + f*m = 20. What is the units digit of m?
5
Suppose 0 = 10*k + 183 + 117. Let r = k + 85. What is the tens digit of r?
5
Let c(d) = -82*d - 3. What is the hundreds digit of c(-4)?
3
Let w = 7 + -12. Let n(y) = y**2 + 6*y + 5. Let v be n(w). Suppose v*o - 22 = -o. What is the units digit of o?
2
Let r(n) = -3*n + 18. Let j be r(6). Suppose j = 3*a + 2*k - 565, a = -0*k - 4*k + 195. What is the hundreds digit of a?
1
Let d(a) = 19*a - 24. What is the units digit of d(21)?
5
Let u(g) = 14*g - 10. Let k(j) = -7*j + 5. Let h(v) = -7*k(v) - 4*u(v). What is the hundreds digit of h(-15)?
1
Let p(w) = 5*w**3 - 2*w**2 + 1. Let u = 40 + -38. What is the units digit of p(u)?
3
Let z(d) = -4*d + 132. What is the hundreds digit of z(-19)?
2
Let y(o) be the second derivative of o**5/20 - 7*o**4/6 + o**3/2 - 8*o**2 - 8*o. What is the tens digit of y(14)?
2
What is the thousands digit of 45/36 + (334425/(-20))/(-7)?
2
Let k(n) = n + 15. Let q be (-4)/10 - (3 + (-306)/15). What is the units digit of k(q)?
2
Suppose 5*x - 3*x + q - 28 = 0, 3*q = -3*x + 48. Let p = x - -7. Suppose j - 2*j = -p. What is the units digit of j?
9
Suppose 9 = -10*b + 99. What is the units digit of b?
9
Suppose -3*v = o - 15, 0 = -0*o - 2*o + 4*v - 10. Suppose -o*a = 2*a + 30. What is the tens digit of 17 + (-6)/(a + 3)?
1
What is the tens digit of (-9)/(1/(5 - 224/6))?
9
Let k = -1 + -9. Let d = 12 + k. Suppose 0*y + 24 = d*y. What is the units digit of y?
2
Let z = -89 - -455. What is the hundreds digit of z?
3
Let t = -1079 - -2769. What is the tens digit of t?
9
Suppose 0 = -3*n - 2*n + 20. Let j(g) = g**3 - 4*g**2 - g + 4. Let l be j(n). Suppose l = 6*v - 37 - 77. What is the tens digit of v?
1
What is the tens digit of ((-1323)/(-36))/(((-60)/416)/(-5))?
7
Suppose 0 = 3*v - 4 - 11. Let z = -1 + v. Suppose -2*d + 4*w + 80 = 0, z*d = 3*d - 4*w + 46. What is the tens digit of d?
4
Let u(y) = 14*y**2 - 13*y - 223. What is the units digit of u(-14)?
3
Suppose 0 = -138*w + 165*w - 73791. What is the thousands digit of w?
2
Let k(q) = q - 6. Let t be k(6). Suppose 3*n = -5*a + 24 + 8, t = 2*a + n - 12. Suppose -19 = -a*d + 125. What is the tens digit of d?
3
Let c = -8 - -12. What is the tens digit of 14 + ((-16)/c - -2)?
1
Let m(j) be the first derivative of j**4/4 - j**3/3 + 2*j + 11. What is the units digit of m(2)?
6
Let p(k) = -4*k - 4. Let t(x) = x**2 - x - 1. Let z(u) = p(u) - 2*t(u). Let w be z(-6). What is the tens digit of (-3)/(-2 + 8)*w?
3
Suppose -4*s - 2*y - 1 = -5, -3*y + 4 = 5*s. Suppose -s*h = -4*h + 10. Suppose 6 = h*b + 1. What is the units digit of b?
1
Let m(n) = -57*n + 12. What is the tens digit of m(-14)?
1
Let w(o) = -2*o**2 + 4*o + 12. Let t(d) = 3*d**2 - 3*d - 13. Let y(f) = 3*t(f) + 4*w(f). Let b be y(-6). What is the tens digit of 1 + 114/3 + b?
4
Let x(a) = 101*a + 361. What is the units digit of x(24)?
5
Let y be 49/35 + (-6)/(-10). Let n(f) = -14 + 5 + f + 12 + 9*f**2. What is the units digit of n(y)?
1
Suppose 5*r - 155 - 1707 = -3*v, 368 = r + 5*v. What is the units digit of r?
3
Let t = 1053 - 454. What is the hundreds digit of t?
5
Let o = -119 + 126. Let u = o - -130. What is the units digit of u?
7
Let o(y) = 14*y**2. Let l be o(-1). Suppose -119 = 5*f - 129. Suppose -44 + l = -f*w. What is the tens digit of w?
1
Let n = 955 - 507. What is the tens digit of n?
4
Suppose 3*q + 5*f - 482 = 0, -306 = -4*q - 3*f + 333. Suppose -3*z = -s + 34, -59 = 5*s - z - q. What is the tens digit of s?
1
Suppose -4*x + z + 42 = 14, -16 = 4*z. Suppose 143 + 31 = x*y. What is the units digit of y?
9
Let m(l) = -3*l + 238. Let c be (-2)/(-4)*(3 + -3). What is the tens digit of m(c)?
3
Let v(y) = -38*y + 19. What is the units digit of v(-17)?
5
What is the units digit of 260437/411 - ((-8)/(-6))/(-1)?
5
Suppose -1965 = 13*w - 7425. What is the units digit of w?
0
Suppose -8*p + 1828 - 300 = 0. What is the units digit of p?
1
Suppose 27578 = 5*g - 0*p + 2*p, -3*g + 5*p + 16553 = 0. What is the thousands digit of g?
5
Suppose 2*v - 8 + 36 = 0. What is the tens digit of (28/v)/(1/(-22))?
4
Suppose -15 = -3*d, d = 3*m - 13 - 0. Let g = -9 + 18. Suppose m + g = 5*k. What is the units digit of k?
3
Let a = 21 - -398. What is the hundreds digit 